{"id":20090,"date":"2018-01-24T15:22:07","date_gmt":"2018-01-24T15:22:07","guid":{"rendered":"https:\/\/durigutti.com\/vinedos\/"},"modified":"2023-07-15T12:13:37","modified_gmt":"2023-07-15T12:13:37","slug":"vinhedos","status":"publish","type":"page","link":"https:\/\/durigutti.com\/pt-br\/vinhedos\/","title":{"rendered":"Vinhedos"},"content":{"rendered":"<div class=\"wpb-content-wrapper\"><p>[vc_row content_text_aligment=&#8221;left&#8221; css=&#8221;.vc_custom_1517354261972{background-position: center !important;background-repeat: no-repeat !important;background-size: cover !important;}&#8221;][vc_column width=&#8221;1\/2&#8243; css=&#8221;.vc_custom_1520397805618{padding-top: 300px !important;padding-bottom: 300px !important;background-image: url(http:\/\/durigutti.com\/wp-content\/uploads\/2018\/01\/img_vinedo01.jpg?id=12220) !important;background-position: center !important;background-repeat: no-repeat !important;background-size: cover !important;}&#8221; offset=&#8221;vc_hidden-xs&#8221;][\/vc_column][vc_column width=&#8221;1\/2&#8243; css=&#8221;.vc_custom_1517354851358{padding-right: 50px !important;padding-left: 50px !important;}&#8221; offset=&#8221;vc_hidden-xs&#8221;][vc_empty_space height=&#8221;60px&#8221;][vc_column_text css=&#8221;.vc_custom_1661547439128{padding-right: 50px !important;padding-left: 50px !important;}&#8221;]No sop\u00e9 da Cordilheira dos Andes, Mendoza oferece uma diversidade particularmente rica de solos ideais para a produ\u00e7\u00e3o de vinhos de alta qualidade. Desde o nosso in\u00edcio no projeto familiar nos dedicamos apaixonadamente ao estudo dos solos como especialistas no conhecimento do terroir. Isso nos permitiu redescobrir o potencial de diferentes microrregi\u00f5es e em particular de nossas fazendas para identificar a estrutura, caracter\u00edsticas peculiares e potencial de cada uma das parcelas.<\/p>\n<p>Nossas uvas s\u00e3o provenientes de nossos pr\u00f3prios vinhedos de sele\u00e7\u00e3o em massa, Finca Victoria, localizados a poucos metros de nossa vin\u00edcola em Las Compuertas, e uvas especialmente selecionadas de pequenos produtores em diferentes partes do pa\u00eds.<\/p>\n<p>Solos ricos em minerais, \u00e1guas cristalinas do derretimento do gelo, ar puro da Cordilheira, altitudes que variam entre 900 e 1200 metros acima do n\u00edvel do mar, amplitude t\u00e9rmica marcante, luminosidade entre 10 e 15 horas por dia dependendo da esta\u00e7\u00e3o s\u00e3o alguns dos caracter\u00edsticas marcantes que nos favorecem com cultivos naturalmente org\u00e2nicos saud\u00e1veis.[\/vc_column_text][\/vc_column][\/vc_row][vc_row content_text_aligment=&#8221;left&#8221; css=&#8221;.vc_custom_1517354261972{background-position: center !important;background-repeat: no-repeat !important;background-size: cover !important;}&#8221;][vc_column css=&#8221;.vc_custom_1517355410181{background-position: center !important;background-repeat: no-repeat !important;background-size: cover !important;}&#8221; offset=&#8221;vc_hidden-lg vc_hidden-md vc_hidden-sm&#8221;][vc_single_image image=&#8221;20091&#8243; img_size=&#8221;full&#8221;][vc_empty_space height=&#8221;60px&#8221;][vc_column_text css=&#8221;.vc_custom_1661547450101{padding-right: 30px !important;padding-left: 30px !important;}&#8221;]No sop\u00e9 da Cordilheira dos Andes, Mendoza oferece uma diversidade particularmente rica de solos ideais para a produ\u00e7\u00e3o de vinhos de alta qualidade. Desde o nosso in\u00edcio no projeto familiar nos dedicamos apaixonadamente ao estudo dos solos como especialistas no conhecimento do terroir. Isso nos permitiu redescobrir o potencial de diferentes microrregi\u00f5es e em particular de nossas fazendas para identificar a estrutura, caracter\u00edsticas peculiares e potencial de cada uma das parcelas.<\/p>\n<p>Nossas uvas s\u00e3o provenientes de nossos pr\u00f3prios vinhedos de sele\u00e7\u00e3o em massa, Finca Victoria, localizados a poucos metros de nossa vin\u00edcola em Las Compuertas, e uvas especialmente selecionadas de pequenos produtores em diferentes partes do pa\u00eds.<\/p>\n<p>Solos ricos em minerais, \u00e1guas cristalinas do derretimento do gelo, ar puro da Cordilheira, altitudes que variam entre 900 e 1200 metros acima do n\u00edvel do mar, amplitude t\u00e9rmica marcante, luminosidade entre 10 e 15 horas por dia dependendo da esta\u00e7\u00e3o s\u00e3o alguns dos caracter\u00edsticas marcantes que nos favorecem com cultivos naturalmente org\u00e2nicos saud\u00e1veis.[\/vc_column_text][\/vc_column][\/vc_row][vc_row content_text_aligment=&#8221;left&#8221; css=&#8221;.vc_custom_1661548302064{padding-top: 20px !important;padding-bottom: 20px !important;background-position: center !important;background-repeat: no-repeat !important;background-size: cover !important;}&#8221;][vc_column width=&#8221;1\/2&#8243; offset=&#8221;vc_hidden-xs&#8221; css=&#8221;.vc_custom_1661548377658{margin-left: 5% !important;}&#8221;][vc_empty_space height=&#8221;60px&#8221;][vc_single_image image=&#8221;12231&#8243; img_size=&#8221;full&#8221; alignment=&#8221;center&#8221; css_animation=&#8221;slideInDown&#8221;][vc_column_text css=&#8221;.vc_custom_1661548314938{padding-right: 50px !important;}&#8221;]Nossos vinhos expressam a ess\u00eancia de cada origem, provenientes das principais regi\u00f5es produtoras de Mendoza: Altamira, Gualtallary, Vista Flores e La Consulta no Valle de Uco; Agrelo, Pedriel, Vistalba e Las Compuertas em Luj\u00e1n de Cuyo; Rivadavia e Medrano no leste de Mendoza, combinados com variedades distintas de diferentes \u00e1reas do pa\u00eds que alocamos em diferentes linhas. Exploramos, al\u00e9m de Mendoza, outros terroirs como Cafayate, Salta; Fiambala, Catamarca; Famatina, La Rioja; Pedernal, San Juan; Alto Valle de Rio Negro, R\u00edo Negro e tamb\u00e9m desenvolvimentos no velho mundo, como nosso projeto especial na Galiza sob o D.O. Ribeiro em uma pequena aldeia chamada As Bouzas.<\/p>\n<p>Com o maior conhecimento e experi\u00eancia dedicados \u00e0 produ\u00e7\u00e3o da principal casta tinta do pa\u00eds, Malbec, e o nosso empenho em redescobrir Bonarda, produzimos tamb\u00e9m Cabernet Franc, Cabernet Sauvignon, Petit Verdot, Cordisco, Criolla, Chardonnay, Viognier, Nero D&#8217;Avola e diferentes co-fermenta\u00e7\u00f5es de vinha onde exploramos cepas n\u00e3o tradicionais trazidas por imigrantes europeus, especialmente italianos.[\/vc_column_text][\/vc_column][vc_column width=&#8221;1\/2&#8243; css=&#8221;.vc_custom_1520397740230{padding-top: 300px !important;padding-bottom: 300px !important;background-image: url(http:\/\/durigutti.com\/wp-content\/uploads\/2018\/01\/img_vinedos03.jpg?id=12406) !important;background-position: center !important;background-repeat: no-repeat !important;background-size: cover !important;}&#8221; offset=&#8221;vc_hidden-xs&#8221;][\/vc_column][\/vc_row][vc_row content_text_aligment=&#8221;center&#8221; css=&#8221;.vc_custom_1689423214303{margin-bottom: 30px !important;}&#8221;][vc_column]<div class=\"eltdf-elements-holder eltdf-five-columns eltdf-responsive-mode-768 eltdf-one-column-alignment-center\" ><div class=\"eltdf-eh-item eltdf-vertical-alignment-top eltdf-horizontal-alignment-center\" data-item-class=\"eltdf-eh-custom-744776\" >\n\t<div class=\"eltdf-eh-item-inner\" >\n\t\t<div class=\"eltdf-eh-item-content eltdf-eh-custom-744776\" >\n\t\t\t[vc_empty_space height=&#8221;45px&#8221;]<div class=\"eltdf-counter-holder\">\n\t<div class=\"eltdf-counter-inner\">\n\t\t\t\t\t<span class=\"eltdf-counter eltdf-zero-counter\" style=\"font-size: 35px;color: #ffffff\">1000<\/span>\n\t\t\t\t\t\t\t<h6 class=\"eltdf-counter-title\" style=\"color: #d16d25\">\n\t\t\t\tm \u2013 altitud promedio\t\t\t<\/h6>\n\t\t\t\t\t<\/div>\n<\/div>\t\t<\/div>\n\t<\/div>\n\t<\/div><div class=\"eltdf-eh-item eltdf-vertical-alignment-top eltdf-horizontal-alignment-center\" data-item-class=\"eltdf-eh-custom-554562\" >\n\t<div class=\"eltdf-eh-item-inner\" >\n\t\t<div class=\"eltdf-eh-item-content eltdf-eh-custom-554562\" >\n\t\t\t[vc_empty_space height=&#8221;45px&#8221;]<div class=\"eltdf-counter-holder\">\n\t<div class=\"eltdf-counter-inner\">\n\t\t\t\t\t<span class=\"eltdf-counter eltdf-zero-counter\" style=\"font-size: 35px;color: #ffffff\">12<\/span>\n\t\t\t\t\t\t\t<h6 class=\"eltdf-counter-title\" style=\"color: #d16d25\">\n\t\t\t\t\u00b0C - amplitud t\u00e9rmica promedio\t\t\t<\/h6>\n\t\t\t\t\t<\/div>\n<\/div>\t\t<\/div>\n\t<\/div>\n\t<\/div><div class=\"eltdf-eh-item eltdf-vertical-alignment-top eltdf-horizontal-alignment-center\" data-item-class=\"eltdf-eh-custom-634324\" >\n\t<div class=\"eltdf-eh-item-inner\" >\n\t\t<div class=\"eltdf-eh-item-content eltdf-eh-custom-634324\" >\n\t\t\t[vc_empty_space height=&#8221;45px&#8221;]<div class=\"eltdf-counter-holder\">\n\t<div class=\"eltdf-counter-inner\">\n\t\t\t\t\t<span class=\"eltdf-counter eltdf-zero-counter\" style=\"font-size: 35px;color: #ffffff\">7200<\/span>\n\t\t\t\t\t\t\t<h6 class=\"eltdf-counter-title\" style=\"color: #d16d25\">\n\t\t\t\tplantas por hect\u00e1rea promedio\t\t\t<\/h6>\n\t\t\t\t\t<\/div>\n<\/div>\t\t<\/div>\n\t<\/div>\n\t<\/div><div class=\"eltdf-eh-item eltdf-vertical-alignment-top eltdf-horizontal-alignment-center\" data-item-class=\"eltdf-eh-custom-152522\" >\n\t<div class=\"eltdf-eh-item-inner\" >\n\t\t<div class=\"eltdf-eh-item-content eltdf-eh-custom-152522\" >\n\t\t\t[vc_empty_space height=&#8221;45px&#8221;]<div class=\"eltdf-counter-holder\">\n\t<div class=\"eltdf-counter-inner\">\n\t\t\t\t\t<span class=\"eltdf-counter eltdf-zero-counter\" style=\"font-size: 35px;color: #ffffff\">40<\/span>\n\t\t\t\t\t\t\t<h6 class=\"eltdf-counter-title\" style=\"color: #d16d25\">\n\t\t\t\tha. de vi\u00f1edos propios (Las Compuertas)\t\t\t<\/h6>\n\t\t\t\t\t<\/div>\n<\/div>\t\t<\/div>\n\t<\/div>\n\t<\/div><div class=\"eltdf-eh-item eltdf-vertical-alignment-top eltdf-horizontal-alignment-center\" data-item-class=\"eltdf-eh-custom-952836\" >\n\t<div class=\"eltdf-eh-item-inner\" >\n\t\t<div class=\"eltdf-eh-item-content eltdf-eh-custom-952836\" >\n\t\t\t[vc_empty_space height=&#8221;45px&#8221;]<div class=\"eltdf-counter-holder\">\n\t<div class=\"eltdf-counter-inner\">\n\t\t\t\t\t<span class=\"eltdf-counter eltdf-zero-counter\" style=\"font-size: 35px;color: #ffffff\">10<\/span>\n\t\t\t\t\t\t\t<h6 class=\"eltdf-counter-title\" style=\"color: #d16d25\">\n\t\t\t\tVariedades principales seleccionadas\t\t\t<\/h6>\n\t\t\t\t\t<\/div>\n<\/div>\t\t<\/div>\n\t<\/div>\n\t<\/div><\/div>[\/vc_column][\/vc_row][vc_row content_text_aligment=&#8221;left&#8221; css=&#8221;.vc_custom_1517353940624{padding-top: 20px !important;padding-bottom: 20px !important;background-position: center !important;background-repeat: no-repeat !important;background-size: cover !important;}&#8221;][vc_column offset=&#8221;vc_hidden-lg vc_hidden-md vc_hidden-sm&#8221;][vc_single_image image=&#8221;12406&#8243; img_size=&#8221;full&#8221; alignment=&#8221;right&#8221;][vc_empty_space height=&#8221;60px&#8221;][vc_single_image image=&#8221;12231&#8243; img_size=&#8221;large&#8221; alignment=&#8221;center&#8221; css_animation=&#8221;slideInDown&#8221;][vc_empty_space height=&#8221;30px&#8221;][vc_column_text css=&#8221;.vc_custom_1661548149610{padding-right: 30px !important;padding-left: 30px !important;}&#8221;]Nossos vinhos expressam a ess\u00eancia de cada origem, provenientes das principais regi\u00f5es produtoras de Mendoza: Altamira, Gualtallary, Vista Flores e La Consulta no Valle de Uco; Agrelo, Pedriel, Vistalba e Las Compuertas em Luj\u00e1n de Cuyo; Rivadavia e Medrano no leste de Mendoza, combinados com variedades distintas de diferentes \u00e1reas do pa\u00eds que alocamos em diferentes linhas. Exploramos, al\u00e9m de Mendoza, outros terroirs como Cafayate, Salta; Fiambala, Catamarca; Famatina, La Rioja; Pedernal, San Juan; Alto Valle de Rio Negro, R\u00edo Negro e tamb\u00e9m desenvolvimentos no velho mundo, como nosso projeto especial na Galiza sob o D.O. Ribeiro em uma pequena aldeia chamada As Bouzas.<\/p>\n<p>Com o maior conhecimento e experi\u00eancia dedicados \u00e0 produ\u00e7\u00e3o da principal casta tinta do pa\u00eds, Malbec, e o nosso empenho em redescobrir Bonarda, produzimos tamb\u00e9m Cabernet Franc, Cabernet Sauvignon, Petit Verdot, Cordisco, Criolla, Chardonnay, Viognier, Nero D&#8217;Avola e diferentes co-fermenta\u00e7\u00f5es de vinha onde exploramos cepas n\u00e3o tradicionais trazidas por imigrantes europeus, especialmente italianos.[\/vc_column_text][\/vc_column][\/vc_row]<\/p>\n<\/div>","protected":false},"excerpt":{"rendered":"<p> [&hellip;]<\/p>\n","protected":false},"author":6,"featured_media":0,"parent":0,"menu_order":0,"comment_status":"closed","ping_status":"closed","template":"full-width.php","meta":{"_seopress_robots_primary_cat":"","_seopress_titles_title":"","_seopress_titles_desc":"","_seopress_robots_index":"","_monsterinsights_skip_tracking":false,"_monsterinsights_sitenote_active":false,"_monsterinsights_sitenote_note":"","_monsterinsights_sitenote_category":0,"footnotes":""},"class_list":["post-20090","page","type-page","status-publish","hentry"],"_links":{"self":[{"href":"https:\/\/durigutti.com\/pt-br\/wp-json\/wp\/v2\/pages\/20090","targetHints":{"allow":["GET"]}}],"collection":[{"href":"https:\/\/durigutti.com\/pt-br\/wp-json\/wp\/v2\/pages"}],"about":[{"href":"https:\/\/durigutti.com\/pt-br\/wp-json\/wp\/v2\/types\/page"}],"author":[{"embeddable":true,"href":"https:\/\/durigutti.com\/pt-br\/wp-json\/wp\/v2\/users\/6"}],"replies":[{"embeddable":true,"href":"https:\/\/durigutti.com\/pt-br\/wp-json\/wp\/v2\/comments?post=20090"}],"version-history":[{"count":12,"href":"https:\/\/durigutti.com\/pt-br\/wp-json\/wp\/v2\/pages\/20090\/revisions"}],"predecessor-version":[{"id":21965,"href":"https:\/\/durigutti.com\/pt-br\/wp-json\/wp\/v2\/pages\/20090\/revisions\/21965"}],"wp:attachment":[{"href":"https:\/\/durigutti.com\/pt-br\/wp-json\/wp\/v2\/media?parent=20090"}],"curies":[{"name":"wp","href":"https:\/\/api.w.org\/{rel}","templated":true}]}}

<div class="wpb-content-wrapper"><p>[vc_row content_text_aligment=&#8221;left&#8221; css=&#8221;.vc_custom_1517354261972{background-position: center !important;background-repeat: no-repeat !important;background-size: cover !important;}&#8221;][vc_column width=&#8221;1/2&#8243; css=&#8221;.vc_custom_1520397805618{padding-top: 300px !important;padding-bottom: 300px !important;background-image: url(http://durigutti.com/wp-content/uploads/2018/01/img_vinedo01.jpg?id=12220) !important;background-position: center !important;background-repeat: no-repeat !important;background-size: cover !important;}&#8221; offset=&#8221;vc_hidden-xs&#8221;][/vc_column][vc_column width=&#8221;1/2&#8243; css=&#8221;.vc_custom_1517354851358{padding-right: 50px !important;padding-left: 50px !important;}&#8221; offset=&#8221;vc_hidden-xs&#8221;][vc_empty_space height=&#8221;60px&#8221;][vc_column_text css=&#8221;.vc_custom_1661547439128{padding-right: 50px !important;padding-left: 50px !important;}&#8221;]No sopé da Cordilheira dos Andes, Mendoza oferece uma diversidade particularmente rica de solos ideais para a produção de vinhos de alta qualidade. Desde o nosso início no projeto familiar nos dedicamos apaixonadamente ao estudo dos solos como especialistas no conhecimento do terroir. Isso nos permitiu redescobrir o potencial de diferentes microrregiões e em particular de nossas fazendas para identificar a estrutura, características peculiares e potencial de cada uma das parcelas.</p>
<p>Nossas uvas são provenientes de nossos próprios vinhedos de seleção em massa, Finca Victoria, localizados a poucos metros de nossa vinícola em Las Compuertas, e uvas especialmente selecionadas de pequenos produtores em diferentes partes do país.</p>
<p>Solos ricos em minerais, águas cristalinas do derretimento do gelo, ar puro da Cordilheira, altitudes que variam entre 900 e 1200 metros acima do nível do mar, amplitude térmica marcante, luminosidade entre 10 e 15 horas por dia dependendo da estação são alguns dos características marcantes que nos favorecem com cultivos naturalmente orgânicos saudáveis.[/vc_column_text][/vc_column][/vc_row][vc_row content_text_aligment=&#8221;left&#8221; css=&#8221;.vc_custom_1517354261972{background-position: center !important;background-repeat: no-repeat !important;background-size: cover !important;}&#8221;][vc_column css=&#8221;.vc_custom_1517355410181{background-position: center !important;background-repeat: no-repeat !important;background-size: cover !important;}&#8221; offset=&#8221;vc_hidden-lg vc_hidden-md vc_hidden-sm&#8221;][vc_single_image image=&#8221;20091&#8243; img_size=&#8221;full&#8221;][vc_empty_space height=&#8221;60px&#8221;][vc_column_text css=&#8221;.vc_custom_1661547450101{padding-right: 30px !important;padding-left: 30px !important;}&#8221;]No sopé da Cordilheira dos Andes, Mendoza oferece uma diversidade particularmente rica de solos ideais para a produção de vinhos de alta qualidade. Desde o nosso início no projeto familiar nos dedicamos apaixonadamente ao estudo dos solos como especialistas no conhecimento do terroir. Isso nos permitiu redescobrir o potencial de diferentes microrregiões e em particular de nossas fazendas para identificar a estrutura, características peculiares e potencial de cada uma das parcelas.</p>
<p>Nossas uvas são provenientes de nossos próprios vinhedos de seleção em massa, Finca Victoria, localizados a poucos metros de nossa vinícola em Las Compuertas, e uvas especialmente selecionadas de pequenos produtores em diferentes partes do país.</p>
<p>Solos ricos em minerais, águas cristalinas do derretimento do gelo, ar puro da Cordilheira, altitudes que variam entre 900 e 1200 metros acima do nível do mar, amplitude térmica marcante, luminosidade entre 10 e 15 horas por dia dependendo da estação são alguns dos características marcantes que nos favorecem com cultivos naturalmente orgânicos saudáveis.[/vc_column_text][/vc_column][/vc_row][vc_row content_text_aligment=&#8221;left&#8221; css=&#8221;.vc_custom_1661548302064{padding-top: 20px !important;padding-bottom: 20px !important;background-position: center !important;background-repeat: no-repeat !important;background-size: cover !important;}&#8221;][vc_column width=&#8221;1/2&#8243; offset=&#8221;vc_hidden-xs&#8221; css=&#8221;.vc_custom_1661548377658{margin-left: 5% !important;}&#8221;][vc_empty_space height=&#8221;60px&#8221;][vc_single_image image=&#8221;12231&#8243; img_size=&#8221;full&#8221; alignment=&#8221;center&#8221; css_animation=&#8221;slideInDown&#8221;][vc_column_text css=&#8221;.vc_custom_1661548314938{padding-right: 50px !important;}&#8221;]Nossos vinhos expressam a essência de cada origem, provenientes das principais regiões produtoras de Mendoza: Altamira, Gualtallary, Vista Flores e La Consulta no Valle de Uco; Agrelo, Pedriel, Vistalba e Las Compuertas em Luján de Cuyo; Rivadavia e Medrano no leste de Mendoza, combinados com variedades distintas de diferentes áreas do país que alocamos em diferentes linhas. Exploramos, além de Mendoza, outros terroirs como Cafayate, Salta; Fiambala, Catamarca; Famatina, La Rioja; Pedernal, San Juan; Alto Valle de Rio Negro, Río Negro e também desenvolvimentos no velho mundo, como nosso projeto especial na Galiza sob o D.O. Ribeiro em uma pequena aldeia chamada As Bouzas.</p>
<p>Com o maior conhecimento e experiência dedicados à produção da principal casta tinta do país, Malbec, e o nosso empenho em redescobrir Bonarda, produzimos também Cabernet Franc, Cabernet Sauvignon, Petit Verdot, Cordisco, Criolla, Chardonnay, Viognier, Nero D&#8217;Avola e diferentes co-fermentações de vinha onde exploramos cepas não tradicionais trazidas por imigrantes europeus, especialmente italianos.[/vc_column_text][/vc_column][vc_column width=&#8221;1/2&#8243; css=&#8221;.vc_custom_1520397740230{padding-top: 300px !important;padding-bottom: 300px !important;background-image: url(http://durigutti.com/wp-content/uploads/2018/01/img_vinedos03.jpg?id=12406) !important;background-position: center !important;background-repeat: no-repeat !important;background-size: cover !important;}&#8221; offset=&#8221;vc_hidden-xs&#8221;][/vc_column][/vc_row][vc_row content_text_aligment=&#8221;center&#8221; css=&#8221;.vc_custom_1689423214303{margin-bottom: 30px !important;}&#8221;][vc_column]<div class="eltdf-elements-holder eltdf-five-columns eltdf-responsive-mode-768 eltdf-one-column-alignment-center" ><div class="eltdf-eh-item eltdf-vertical-alignment-top eltdf-horizontal-alignment-center" data-item-class="eltdf-eh-custom-744776" >
	<div class="eltdf-eh-item-inner" >
		<div class="eltdf-eh-item-content eltdf-eh-custom-744776" >
			[vc_empty_space height=&#8221;45px&#8221;]<div class="eltdf-counter-holder">
	<div class="eltdf-counter-inner">
					<span class="eltdf-counter eltdf-zero-counter" style="font-size: 35px;color: #ffffff">1000</span>
							<h6 class="eltdf-counter-title" style="color: #d16d25">
				m – altitud promedio			</h6>
					</div>
</div>		</div>
	</div>
	</div><div class="eltdf-eh-item eltdf-vertical-alignment-top eltdf-horizontal-alignment-center" data-item-class="eltdf-eh-custom-554562" >
	<div class="eltdf-eh-item-inner" >
		<div class="eltdf-eh-item-content eltdf-eh-custom-554562" >
			[vc_empty_space height=&#8221;45px&#8221;]<div class="eltdf-counter-holder">
	<div class="eltdf-counter-inner">
					<span class="eltdf-counter eltdf-zero-counter" style="font-size: 35px;color: #ffffff">12</span>
							<h6 class="eltdf-counter-title" style="color: #d16d25">
				°C - amplitud térmica promedio			</h6>
					</div>
</div>		</div>
	</div>
	</div><div class="eltdf-eh-item eltdf-vertical-alignment-top eltdf-horizontal-alignment-center" data-item-class="eltdf-eh-custom-634324" >
	<div class="eltdf-eh-item-inner" >
		<div class="eltdf-eh-item-content eltdf-eh-custom-634324" >
			[vc_empty_space height=&#8221;45px&#8221;]<div class="eltdf-counter-holder">
	<div class="eltdf-counter-inner">
					<span class="eltdf-counter eltdf-zero-counter" style="font-size: 35px;color: #ffffff">7200</span>
							<h6 class="eltdf-counter-title" style="color: #d16d25">
				plantas por hectárea promedio			</h6>
					</div>
</div>		</div>
	</div>
	</div><div class="eltdf-eh-item eltdf-vertical-alignment-top eltdf-horizontal-alignment-center" data-item-class="eltdf-eh-custom-152522" >
	<div class="eltdf-eh-item-inner" >
		<div class="eltdf-eh-item-content eltdf-eh-custom-152522" >
			[vc_empty_space height=&#8221;45px&#8221;]<div class="eltdf-counter-holder">
	<div class="eltdf-counter-inner">
					<span class="eltdf-counter eltdf-zero-counter" style="font-size: 35px;color: #ffffff">40</span>
							<h6 class="eltdf-counter-title" style="color: #d16d25">
				ha. de viñedos propios (Las Compuertas)			</h6>
					</div>
</div>		</div>
	</div>
	</div><div class="eltdf-eh-item eltdf-vertical-alignment-top eltdf-horizontal-alignment-center" data-item-class="eltdf-eh-custom-952836" >
	<div class="eltdf-eh-item-inner" >
		<div class="eltdf-eh-item-content eltdf-eh-custom-952836" >
			[vc_empty_space height=&#8221;45px&#8221;]<div class="eltdf-counter-holder">
	<div class="eltdf-counter-inner">
					<span class="eltdf-counter eltdf-zero-counter" style="font-size: 35px;color: #ffffff">10</span>
							<h6 class="eltdf-counter-title" style="color: #d16d25">
				Variedades principales seleccionadas			</h6>
					</div>
</div>		</div>
	</div>
	</div></div>[/vc_column][/vc_row][vc_row content_text_aligment=&#8221;left&#8221; css=&#8221;.vc_custom_1517353940624{padding-top: 20px !important;padding-bottom: 20px !important;background-position: center !important;background-repeat: no-repeat !important;background-size: cover !important;}&#8221;][vc_column offset=&#8221;vc_hidden-lg vc_hidden-md vc_hidden-sm&#8221;][vc_single_image image=&#8221;12406&#8243; img_size=&#8221;full&#8221; alignment=&#8221;right&#8221;][vc_empty_space height=&#8221;60px&#8221;][vc_single_image image=&#8221;12231&#8243; img_size=&#8221;large&#8221; alignment=&#8221;center&#8221; css_animation=&#8221;slideInDown&#8221;][vc_empty_space height=&#8221;30px&#8221;][vc_column_text css=&#8221;.vc_custom_1661548149610{padding-right: 30px !important;padding-left: 30px !important;}&#8221;]Nossos vinhos expressam a essência de cada origem, provenientes das principais regiões produtoras de Mendoza: Altamira, Gualtallary, Vista Flores e La Consulta no Valle de Uco; Agrelo, Pedriel, Vistalba e Las Compuertas em Luján de Cuyo; Rivadavia e Medrano no leste de Mendoza, combinados com variedades distintas de diferentes áreas do país que alocamos em diferentes linhas. Exploramos, além de Mendoza, outros terroirs como Cafayate, Salta; Fiambala, Catamarca; Famatina, La Rioja; Pedernal, San Juan; Alto Valle de Rio Negro, Río Negro e também desenvolvimentos no velho mundo, como nosso projeto especial na Galiza sob o D.O. Ribeiro em uma pequena aldeia chamada As Bouzas.</p>
<p>Com o maior conhecimento e experiência dedicados à produção da principal casta tinta do país, Malbec, e o nosso empenho em redescobrir Bonarda, produzimos também Cabernet Franc, Cabernet Sauvignon, Petit Verdot, Cordisco, Criolla, Chardonnay, Viognier, Nero D&#8217;Avola e diferentes co-fermentações de vinha onde exploramos cepas não tradicionais trazidas por imigrantes europeus, especialmente italianos.[/vc_column_text][/vc_column][/vc_row]</p>
</div>
